t common divisor of c and m.
24
Suppose -23 = -4*g - 3*u, g - 2*u + 8 = -0. Let x be g + -5 - (-14 + 2 + -1). What is the highest common divisor of 5 and x?
5
Let d = 31 + -5. Suppose -7 - 1 = 2*h, 5*k = -h + d. Let m be (-300)/(-27)*k/5*3. What is the highest common factor of m and 10?
10
Let k(z) = 4*z**3 - 50*z**2 + 30*z - 34. Let p be k(12). What is the greatest common divisor of 32414 and p?
38
Let h be (-10 + (8 - 10) + -5)/((-2)/22). What is the highest common divisor of 473 and h?
11
Let l = 7366 - 5786. What is the highest common divisor of 20 and l?
20
Suppose 184 = -5*a + 834. Suppose -5*b = -5*s + 260, -2*s + 208 = 2*s - 5*b. What is the highest common factor of a and s?
26
Suppose 3*a + 5*z = 55, 7*z - 2*z - 15 = a. Let f be 6 + (7 - a - (-4 - 3)). Calculate the greatest common factor of 190 and f.
10
Let o be (56/(-196))/(2/(-28)). Let j be o + -6 + 50 + (2 - 1). What is the highest common divisor of 112 and j?
7
Let o be ((-2 - -3)/(-2))/((-49)/153076). Calculate the greatest common divisor of o and 284.
142
Let a = -18120 - -18270. Calculate the greatest common divisor of a and 5800.
50
Suppose 6 = -9*c + 42. Suppose c*z - 4*k = 1776, z - 5*z - 3*k = -1804. What is the greatest common divisor of 14 and z?
14
Let d(w) = 64*w - 3519. Let j be d(58). What is the greatest common divisor of 2123 and j?
193
Let o = -3606 + 3700. Calculate the greatest common factor of 94 and o.
94
Let z = 137 - 90. Suppose 5*g - 15*o = -17*o + 470, -2*g - 3*o = -188. Calculate the highest common divisor of g and z.
47
Suppose -3*i = -0*i - 81. Suppose 3*r = -5*l + 240, -7*l + 136 = 5*r - 204. What is the greatest common factor of i and l?
9
Suppose 14*w - 11*w = 186. Let u be (-100)/(-10)*(-5)/(-2). Let v = w - u. Calculate the greatest common divisor of v and 333.
37
Suppose -4*h + 0*h = -2*h. Let i(u) = -10*u + 54. Let d be i(h). Calculate the greatest common divisor of 18 and d.
18
Suppose -369*a + 365*a - 4*j = -26780, 2*a + j - 13394 = 0. Calculate the highest common divisor of 462 and a.
231
Suppose -33*l = -22*l - 3656 - 3263. What is the highest common divisor of 74 and l?
37
Let w be ((-1300)/312*4)/(4/(-48)). Suppose 0 = -y + 2*q + 23, -3*y + 17 + 61 = 3*q. What is the greatest common divisor of y and w?
25
Suppose 3*v + h = 490, -3*v - h + 478 = -3*h. What is the highest common factor of 666 and v?
18
Let l = 4282 - -9948. What is the greatest common divisor of 10 and l?
10
Let q(x) = x**2 + 5*x - 4. Let c be q(-8). Let t(b) = -50*b + c*b + 5 + 16*b + b**2. Let u be t(19). What is the highest common divisor of u and 20?
20
Suppose -11*m + 15*m = 1312. Let p = -283 + m. What is the highest common factor of p and 135?
45
Suppose -5*p = -c - 0*c + 95, 5*p - 225 = -3*c. Let t(v) = v**3 + 18*v**2 - 93*v - 95. Let r be t(-22). What is the highest common divisor of r and c?
5
Suppose 0*c + 2*v - 7 = -c, -5*v = 4*c - 19. Let l be 11*c/(-3)*-3. Let y be (8220/34)/2 + (-35)/(2380/(-8)). What is the highest common factor of y and l?
11
Suppose -5*g - 55 + 75 = 0, 756 = 4*v - 3*g. Calculate the highest common factor of 492 and v.
12
Let h = 9264 + -9200. What is the highest common factor of 4976 and h?
16
Suppose 0 = 571*v - 574*v + 3*a + 1107, 5*a = 4*v - 1476. Calculate the highest common factor of v and 117.
9
Suppose 2019 + 333 = 21*j. Suppose j = 6*x - 3*x + a, 0 = 2*x + 3*a - 84. Calculate the highest common divisor of 6 and x.
6
Let o = -23512 - -29030. Calculate the greatest common divisor of o and 186.
62
Suppose -q - 3*s + 102 = 0, q - 5*q + 323 = -5*s. Let c = q - 17. Calculate the highest common factor of 770 and c.
70
Let i = 168 + -98. Let s(n) = -n**2 + n + 812. Let m be s(-27). What is the highest common divisor of i and m?
14
Let r(w) = w**2 + 281*w + 1666. Let d be r(-6). Calculate the greatest common factor of d and 3736.
8
Let v(g) = 151*g**2 - 237*g + 176. Let f be v(11). Calculate the greatest common divisor of f and 24.
24
Let n = 34 - 6. Let p = 6752 - 6668. Calculate the highest common factor of p and n.
28
Suppose -15*d + 3*d + 24 = 0. Suppose 3*k = -n + 45, -2*n = d*k + 5 - 35. What is the greatest common divisor of 9 and k?
3
Let k be 52/39*(-3)/(-2). Suppose -4*b - m - 13 = 2*m, k*m + 11 = -3*b. Let n be (6 - 8) + (-2 - (2 + b)). Calculate the highest common factor of n and 1.
1
Suppose 25 = -5*a, a + 320 + 61 = 2*l. Let n = l - -32. Calculate the highest common factor of n and 22.
22
Suppose 662 = -7*f + 3749. Suppose 0 = -439*q + f*q - 216. Suppose 5*y + 124 = 5*a + y, 2*y = -4*a + 94. Calculate the highest common factor of a and q.
12
Let k(a) = 40*a**3 + 6*a**2 - 7*a - 2. Let t be k(3). Let l = t + -704. Calculate the greatest common factor of l and 37.
37
Let x be 5/(-10) + (-55)/(-10) - -43. Let h be (-56)/x*(-4 + -2). Suppose -53 - 10 = -w. What is the greatest common factor of w and h?
7
Let z(x) = -4*x - 181. Let v be z(22). Let h = v - -278. Calculate the greatest common factor of 99 and h.
9
Let s = -588 - -844. Let f be (-6 + s/40)*40. What is the greatest common factor of f and 424?
8
Suppose 5*q - 3*l - 26028 = 0, l + 4200 = q - 1004. Calculate the greatest common divisor of q and 93.
93
Let k be 8 - (-4)/(-2) - 3. Suppose -4*y + 27 + 660 = k*q, -514 = -3*y - 2*q. What is the greatest common factor of y and 294?
42
Let f(d) = d**3 - 2*d**2 + 7*d. Let w = 364 + -361. Let t be f(w). Calculate the greatest common divisor of t and 530.
10
Suppose -46 = -2*u + 4*g, 5*g - 7*g - 44 = -2*u. What is the greatest common divisor of u and 917?
7
Let f be (-6)/8 + 295/20. Let m be (-7)/(-3)*(87 + -78). Calculate the highest common factor of m and f.
7
Let c(w) = 45*w - 106. Let t be c(7). Suppose 107 = 4*y + 15. Let q = -4 + y. Calculate the highest common divisor of t and q.
19
Let h = 18341 + -17316. Calculate the greatest common factor of 451 and h.
41
Suppose 4*w - 4*p = 268, -w = 6*p - 4*p - 55. Suppose 409 = -3*y - 3*z - 323, -6 = -2*z. Let l = -226 - y. What is the greatest common divisor of w and l?
21
Suppose -20*y + 500*y = 2455 + 905. Calculate the highest common factor of y and 2.
1
Let s be 4/18 - (-4 - (-219088)/(-36)). Let b be ((-4)/10)/((-42)/s). Let l be (-12)/(-10)*(-290)/(-4). What is the greatest common factor of l and b?
29
Suppose 0 = 4*m + 5*m - 117. Suppose m*u = 17*u - 36. Calculate the highest common divisor of 15 and u.
3
Suppose -5*p + 15901 = 2*o, 4*o - 3728 + 537 = -p. Calculate the highest common divisor of 34 and p.
17
Let g = 2203 + 453. What is the highest common divisor of g and 32?
32
Suppose -4*a + f + 687 = 148, 111 = a - 5*f. What is the highest common factor of 34 and a?
34
Suppose 11*m + 20 = 16*m, 1 = -y + m. What is the highest common divisor of 1 and y?
1
Suppose -3*l + 4*r + 46 = 0, 140*r - 60 = -3*l + 137*r. Suppose 2*u + l = 4*q, 0 = 4*u - q - 3 + 4. What is the greatest common factor of 49 and u?
1
Let c = -108 + 241. Let z be c/38 - (-2)/4. What is the highest common factor of z and 100?
4
Let s(j) = -11*j - 269. Let f be s(-25). Suppose v = 5*t + 135, -5*t + 3*v = 104 + 31. Let l = f - t. Calculate the greatest common divisor of l and 297.
33
Let v(d) = -29*d**2 + 3*d + 8 - 22*d**2 + 43*d**2 + d**3. Let j be v(7). Let h be j/(-12) - (-6)/(-9). Calculate the highest common factor of 3 and h.
1
Let f be (18/5)/((-9)/60). Let y = f - -29. Suppose 21 - 81 = -y*o. What is the greatest common factor of o and 132?
12
Let i be (6 + (-22)/3)*38916/(-752). Suppose 25 = 2*v - 21. Calculate the greatest common divisor of i and v.
23
Let d(s) = -6*s**2 + 749*s - 550. Let j be d(124). Suppose 3*b + 293 = 5*x + 102, -2*x - 5*b + 95 = 0. What is the greatest common factor of x and j?
10
Suppose 2374*g = 2379*g - 875. Calculate the highest common divisor of 3275 and g.
25
Let h = -134 - -145. Suppose -70 = -3*d + 2*t, -h = -3*t + 1. What is the greatest common factor of 286 and d?
26
Let y be (3 + -39)/(-2) - -4. Suppose 4*q = y*q - 4464. Calculate the greatest common factor of q and 8.
8
Let a be (-15)/9*(-84)/70. Suppose -148 = -3*t + 3*d - a*d, 158 = 3*t + 4*d. What is the highest common divisor of t and 125?
25
Let k(x) = x**3 + 24*x**2 + 7*x - 26. Let c be k(-23). Let r be c/30 - (-4)/(-10). What is the highest common factor of 11 and r?
11
Let b = -5812 + 5854. Calculate the hi